{"id":475,"date":"2021-08-27T17:00:27","date_gmt":"2021-08-27T17:00:27","guid":{"rendered":"http:\/\/kingsvibe.com.br\/site\/?post_type=product&#038;p=475"},"modified":"2021-08-27T17:03:18","modified_gmt":"2021-08-27T17:03:18","slug":"tradicional-branca-veraz-que-um-filho-teu-nao-foge-a-luta-hulk","status":"publish","type":"product","link":"http:\/\/kingsvibe.com.br\/site\/produto\/tradicional-branca-veraz-que-um-filho-teu-nao-foge-a-luta-hulk\/","title":{"rendered":"Tradicional branca Veraz que um filho teu n\u00e3o foge a luta &#8211; Hulk"},"content":{"rendered":"<p>Camiseta tradicional branca Veraz que um filho teu n\u00e3o foge a luta &#8211; Hulk<\/p>\n<p>Camiseta branca 100% algod\u00e3o fio 30;1 penteado impress\u00e3o com tecnologia digital DTG<\/p>\n<ul>\n<li>Pode haver varia\u00e7\u00e3o de at\u00e9 2cm<\/li>\n<\/ul>\n","protected":false},"excerpt":{"rendered":"<p>Camiseta branca 100% algod\u00e3o fio 30;1 penteado impress\u00e3o com tecnologia digital DTG<\/p>\n<ul>\n<li>Pode haver varia\u00e7\u00e3o de at\u00e9 2cm<\/li>\n<\/ul>\n","protected":false},"featured_media":409,"comment_status":"open","ping_status":"closed","template":"","meta":[],"product_cat":[22,21,20],"product_tag":[],"_links":{"self":[{"href":"http:\/\/kingsvibe.com.br\/site\/wp-json\/wp\/v2\/product\/475"}],"collection":[{"href":"http:\/\/kingsvibe.com.br\/site\/wp-json\/wp\/v2\/product"}],"about":[{"href":"http:\/\/kingsvibe.com.br\/site\/wp-json\/wp\/v2\/types\/product"}],"replies":[{"embeddable":true,"href":"http:\/\/kingsvibe.com.br\/site\/wp-json\/wp\/v2\/comments?post=475"}],"wp:featuredmedia":[{"embeddable":true,"href":"http:\/\/kingsvibe.com.br\/site\/wp-json\/wp\/v2\/media\/409"}],"wp:attachment":[{"href":"http:\/\/kingsvibe.com.br\/site\/wp-json\/wp\/v2\/media?parent=475"}],"wp:term":[{"taxonomy":"product_cat","embeddable":true,"href":"http:\/\/kingsvibe.com.br\/site\/wp-json\/wp\/v2\/product_cat?post=475"},{"taxonomy":"product_tag","embeddable":true,"href":"http:\/\/kingsvibe.com.br\/site\/wp-json\/wp\/v2\/product_tag?post=475"}],"curies":[{"name":"wp","href":"https:\/\/api.w.org\/{rel}","templated":true}]}}